te y(-5).
-3
Let q(i) = -9*i + 1. Let j be (-2 - -1)/(3 + -2). Suppose f + u = 1, -4*f = 3*u - 2*u + 5. Let y = j - f. Give q(y).
-8
Let h(w) = 5*w. Let c(d) = -5*d + 1. Let q(l) = 3*c(l) + 2*h(l). Let y(s) = -s + 1. Let j be y(-1). Calculate q(j).
-7
Let g(k) = -k**3 + 7*k**2 - k - 6. Let p be g(6). Suppose -3*u - 6 = -p. Let i(s) = s - 11. Calculate i(u).
-5
Let w(i) = i - 2. Suppose 0*b - b + 2 = 0. Calculate w(b).
0
Let b(p) = -p**2 - p + 1. Let o(f) = 6*f**2 + 10*f + 1. Let x(i) = -4*b(i) - o(i). Determine x(-4).
-13
Suppose 0 = -4*s - s. Let n(p) = -p**2 - 3. Let r(y) = -2*y**2 - 4. Let a(q) = -3*n(q) + 2*r(q). What is a(s)?
1
Let y(m) = 3*m**2 + m + 2. Let k(n) = -n**2 - n - 1. Let z(o) = -2*k(o) - y(o). What is z(-2)?
-6
Let n(l) = l - 7. Let v(c) = -c. Let r(d) = n(d) + 2*v(d). Suppose -5*i - 11 = 14. Determine r(i).
-2
Let o(s) = -7*s + 7. Let n(v) = -15*v + 16. Let t(m) = -6*n(m) + 13*o(m). Determine t(-3).
-2
Suppose 0 = -4*i + 2*i. Let x(b) = -1 + b**2 - 5*b**2 - 2*b**2 - 2*b + i*b**2. Let r be (-6)/8 - (-1)/(-4). What is x(r)?
-5
Let c(l) = -l - 1. Let v(w) = w**3 + 9*w**2 + 6*w + 8. Let m be v(-8). Let r be (m/(-20))/(2/(-10)). Determine c(r).
-7
Let l = 46 - 44. Let j(b) = 2*b**3 + 2*b. Give j(l).
20
Let a(p) be the third derivative of p**6/120 - p**5/30 + p**4/8 - p**3/3 + 10*p**2 + 1. What is a(3)?
16
Let q(u) = -u**3 + 4*u**2 + 5*u + 1. Let w(k) = -k + 10. Let l(s) be the first derivative of s**2/2 - 2*s - 1. Let f be l(7). Let c be w(f). Calculate q(c).
1
Suppose 6 + 0 = 3*u. Suppose 4*o = 2*p + 22, -o - 3*o + 19 = p. Let d(f) = -1. Let j(c) = -3*c**2 + c + 5. Let b(y) = p*j(y) - 3*d(y). Give b(u).
8
Let z be ((-1)/(-3))/((-3)/9). Let f(g) = -15*g - 20. Let c(h) = -8*h - 9. Let a(n) = 9*c(n) - 4*f(n). What is a(z)?
11
Let j(t) = 2*t + 5. Let q(g) be the third derivative of 5*g**4/24 - g**3/6 + 7*g**2. Let l be q(-1). What is j(l)?
-7
Suppose 5*h = 8 + 2. Suppose -5*f = -h*f. Let b(a) = a - 6. Let k be b(f). Let m(o) = -o**2 - 6*o - 4. What is m(k)?
-4
Let x(o) = 6*o**3 - o**2 + o. Let y be 4/6 + (-50)/(-15). Let f be (2/y - 1)*-12. Suppose 3*a = -3 + f. Calculate x(a).
6
Let l = -4 + 0. Let j(n) be the first derivative of n**4/4 + 4*n**3/3 + n**2 + 5*n - 2. Determine j(l).
-3
Let k(v) = -v**2 + 1. Let r(m) = m**3 + 11*m**2 - 2*m - 5. Let w(t) = -5*k(t) - r(t). What is w(-6)?
-12
Let i(d) = 2*d + 2. Let w = 16 + -14. What is i(w)?
6
Let j(s) be the third derivative of -s**5/60 + s**4/4 - 5*s**3/6 - 11*s**2. Give j(6).
-5
Let z(h) = -3*h**2 + 3*h + 1. Let s(f) = -7*f**2 + 7*f + 2. Let l(j) = -2*s(j) + 5*z(j). Determine l(3).
-5
Let z(i) = 4*i**2 - 2*i - 1. Let t(n) = -n + 4*n + 1 + 2*n**2 + 0 - 5*n**2. Let y(l) = -2*t(l) - 3*z(l). Give y(-1).
-5
Let m(b) = 19*b - 7. Let h(g) = 6*g - 2. Suppose 13 - 41 = 2*y. Let r(x) = y*h(x) + 4*m(x). Determine r(-1).
8
Let l(y) = 3*y**3 - 2*y**2 - 3*y - 6. Let v(u) = -u**3 + u**2 + u + 2. Let f(d) = 6*l(d) + 17*v(d). Give f(-4).
18
Let o(m) = m**3 - 5*m. Let n(u) = u**2 + u. Let v(h) = -3*n(h) - o(h). Determine v(-3).
-6
Let i(d) be the second derivative of 1/20*d**5 + 2*d - 3/2*d**2 + 0 - d**3 - 5/12*d**4. Suppose -5*v + 18 = -2*v. What is i(v)?
-3
Suppose 2*u = 2*m - 8, 4*u + m = -6 - 0. Let k(v) be the third derivative of 0*v + 5/24*v**4 + 0 + 1/6*v**3 - 3*v**2. Determine k(u).
-9
Let p(y) = -y**2 + y + 2. Suppose 0 = -4*o - o - 10. Let g be 5 + 6/o - 1. Let d = -1 + g. Calculate p(d).
2
Let z(h) be the third derivative of h**6/120 - h**5/12 - 5*h**4/24 - h**3/3 - 4*h**2. Give z(6).
4
Let b(x) = 3*x**2 - 1. Let g be b(-1). Suppose -l + 1 = 3*k, -g*k + 3*l = l + 2. Let z(r) = -r**2 + r + 7. Calculate z(k).
7
Let w(o) = -5*o - 12*o**2 - 3*o + 4*o + 1 + 2*o. Give w(1).
-13
Let z(g) = 17*g**2 + 8*g - 4. Let q(j) = 6*j**2 + 3*j - 1. Let h(w) = -8*q(w) + 3*z(w). What is h(-3)?
23
Let a(n) = -n**2 + 2*n + 1. Suppose 6*k + 4*k - 30 = 0. Determine a(k).
-2
Let w(x) = x**2 - x + 1. Let i(s) = -5*s**2 - 2*s + 1. Suppose -o = -3*o - 12. Let q(f) = o*w(f) - i(f). Determine q(5).
8
Let j(b) be the second derivative of b**5/20 - b**4/2 + 2*b**3/3 + 7*b**2/2 + 57*b. Determine j(5).
2
Let m(j) = -j - 5. Suppose 0 = -5*h - 7 + 2. Let c be (-3)/(h*(-9)/12). Give m(c).
-1
Suppose 4*y = 4*c - 16, 3*y = -4*c - y + 8. Suppose 0*o = -c*o + 18. Let x(s) = s**2 - 6*s - 6. Determine x(o).
-6
Let n(i) = i - 3. Let q be n(0). Let d(b) = -10 + 7 - 2*b - b**2 + 3 + 1. Calculate d(q).
-2
Let l = -126 - -127. Let m(t) = -16*t**2 + t - 1. What is m(l)?
-16
Let k(j) = -j**3 - 6*j**2 - 6*j - 5. Suppose -l = 13 - 9. Calculate k(l).
-13
Let n(a) = 3 + a**3 - 2*a - 1 - 5 + 3*a**2. Let w be n(-3). Let o(k) = 34 - 3*k - 17 + 5*k**2 - 19 - 3*k**2. What is o(w)?
7
Let z(u) = 6*u + 8*u - 13*u. What is z(6)?
6
Let i(q) = -3*q - 1. Let z(b) = -10*b - 4. Let y(g) = 7*i(g) - 2*z(g). Let t(k) = k**2 - 11*k + 5. Let j(x) = -t(x) + 5*y(x). What is j(4)?
8
Let w be (-1)/(-3) - 30/(-18). Suppose -w*m = -0*m. Let h(v) = v**3 + 4. Calculate h(m).
4
Let v = -7 - -7. Let z be v/5 + -1*3. Let h(g) = -g + 2*g**2 + 4 + g**3 + 2*g**2 - g**2. Give h(z).
7
Let t(i) = -2*i - 2. Let w(f) = -10*f - 13. Let l(v) = -6*t(v) + w(v). Let r(q) = -5*q**3 - q**2 + 1. Let a be r(1). Give l(a).
-11
Let a(k) = 4*k**3 + 2*k**2 - 5*k + 3. Let r(d) = -d**3 + d**2 + 2*d + 1. Let t(i) = a(i) + 3*r(i). What is t(-5)?
1
Let m(p) be the first derivative of -p**3/3 - p**2/2 + 4*p + 4. Let i be ((-3)/(-1))/((-1)/1). What is m(i)?
-2
Let d(p) = p**3 - 4*p + 3. Let u(x) = -4*x - 1. Let w be u(-1). Let b be d(w). Let z be ((-5)/15)/((-2)/b). Let m(n) = -2*n + 3. Calculate m(z).
-3
Let a be -11 + (-1)/((-3)/9). Let x = a - -13. Let b(w) be the first derivative of w**2/2 - 5*w - 1. What is b(x)?
0
Let r(p) = -p**3 + 4*p**2 - 3*p + 17 - 49 + 11 + 17. Calculate r(3).
-4
Let q(h) = h**3 + 11*h**2 + 8*h - 8. Let b = -19 - -9. What is q(b)?
12
Let g = 35 - 36. Let x(d) = 7*d + 1 + 1 - 2. Determine x(g).
-7
Let g(r) = r + 2. Let s be g(-3). Let n(x) be the first derivative of 2/3*x**3 + 0*x - 5/4*x**4 - 1 + 1/2*x**2. What is n(s)?
6
Let n(u) = -u**3 + u**2 - u + 6. Let b(r) = r + 10. Let d be b(-5). Suppose 0 = -5*c - 5*a - d, 8*c + 4 = 3*c - 4*a. Give n(c).
6
Let d = 83 + -86. Let f(p) = 0*p + p**3 + 3*p - p + 4 + 4*p**2. Give f(d).
7
Let w(s) = -4*s + s**2 - 1 + 1 - 2. Suppose -4*y - 5 = 27. Let z be (12/8)/((-3)/y). Give w(z).
-2
Suppose -3*j + 10 = -2*g, -2*g + 5*j - 14 = -0*g. Let v = g - -4. Let m(a) = 2 - 3*a + v*a + 3*a. Calculate m(-4).
-6
Let x(v) be the first derivative of -v**3/3 + 6*v - 1. Suppose 0*t - 8*t = 0. Determine x(t).
6
Let c(i) = -i**3 + 8*i**2 + 8*i + 4. Let s be c(9). Let p be (-3 - s)*(-1 + -1). Let u(x) be the second derivative of -x**3/6 - 3*x**2/2 - x. Determine u(p).
1
Let o(n) = n**2 + n. Let r be (-3 + -1)/(-8)*-4. What is o(r)?
2
Let m = 4 + -5. Let r(u) = -5*u**3 - u**2 - u - 1. What is r(m)?
4
Suppose 4 = -4*y + j + 3*j, 3*y = 4*j - 8. Let n(o) be the first derivative of -2*o**3/3 + 3*o**2 + 8. Calculate n(y).
-8
Suppose 2*l - 5*d - 7 = -2, 5*l + 19 = 2*d. Let w = l - -4. Let t(v) = -3*v**2 + 2*v + 1. What is t(w)?
-4
Let r(p) = -5*p + 19. Let i(d) = -4*d + 18. Let q(b) = -6*i(b) + 5*r(b). What is q(-12)?
-1
Suppose -n = -3*b + 6*b + 23, -13 = b + 3*n. Let d = b + 2. Let r(u) = -u**2 - 7*u - 6. Calculate r(d).
4
Let h(u) = -1. Let c(g) = -2*g - 3. Let y(v) = c(v) - 4*h(v). Suppose 0 = -5*f - 5. What is y(f)?
3
Let g(c) = -9*c**3 + c**2 - c + 1. Suppose -3*k + 0 = -3. Suppose 0 = -v - 0*v + k. Determine g(v).
-8
Let c be ((-6)/(-15))/(0 + (-6)/(-5)). Let b(n) be the second derivative of 0 + 1/6*n**4 - c*n**3 - 1/2*n**2 + 2*n. Give b(-1).
3
Let i(p) = -p**2 + p + 1. Let o(v) = 9*v**2 - 1. Let s(c) = -2*i(c) - o(c). Give s(-1).
-6
Let z = 44 + -53. Let v(f) = f + 1. Determine v(z).
-8
Let d(h) = -h**3 + 8*h**2 - h + 6. Let s be d(8). Let o(l) = l**2 + 2*l. What is o(s)?
0
Let j(t) be the second derivative of t**6/120 - t**5/60 + t**4/24 + t**3/6 + t**2 + 2*t. Let g(l) be the first derivative of j(l). Give g(2).
7
Let n(k) = -9*k + 13. Let v(i) = 5*i - 7. Let j(r) = 6*n(r) + 11*v(r). Determine j(-4).
-3
Suppose 4*a - 2*f = -0*a + 8, 0 = 2*a + 4*f - 24. Let h(c) = c**2 - 7*c + 5. Determine h(a).
-7
Suppose -4*t + 20 = 4*m, -m = 5*t - 0*m - 21. Let 